(p) = 12*p**3 + 708*p**2 - 5*p - 24. Determine o(-59).
271
Let x(k) = k**3 - 16*k**2 - 709966*k + 6390267. Calculate x(9).
6
Let z(l) = 298*l - 13339. Calculate z(44).
-227
Let v(z) = -9*z**2 - 67*z + 261. Calculate v(-11).
-91
Let s(c) = -2073*c - 8726. Give s(-5).
1639
Let n(w) = 48*w**2 + 717*w + 2989. What is n(-6)?
415
Let g(m) = -8*m**2 + 4621*m - 110557. Calculate g(25).
-32
Let n(m) = 26*m**2 - 1181*m - 4540. Give n(49).
17
Let y(c) = 6*c**2 - 1232*c - 57165. What is y(-39)?
9
Let t(q) = 7*q**2 + 262*q - 1055. Calculate t(4).
105
Let z(c) = 23*c**2 - 605*c - 136. Calculate z(26).
-318
Let s(d) = -1341*d + 5456. Calculate s(4).
92
Let y(t) = 4*t**2 + 4041*t + 136542. Calculate y(-35).
7
Let d(i) = -3217*i - 3231. Determine d(-1).
-14
Let l(f) = 28*f**2 - 6515*f + 72250. What is l(221)?
-17
Let c(b) = b**3 + 4*b**2 + 504*b + 7149. Calculate c(-12).
-51
Let s(l) = 12*l**2 + 23*l + 73. Give s(-7).
500
Let q(y) = 140*y - 8371. Give q(60).
29
Let d(x) = -2*x**3 - 815*x**2 - 418*x - 4482. Determine d(-407).
-5
Let u(s) = s**3 - 105*s**2 + 790*s - 10196. Give u(98).
-4
Let q(p) = 28*p**3 + 22*p**2 - 42*p + 31. Give q(4).
2007
Let l(s) = -s**3 - 47*s**2 - 350*s - 267. Give l(-36).
-1923
Let t(o) = -4597*o - 68952. Calculate t(-15).
3
Let o(g) = -31*g**2 - 45*g + 2596. Determine o(-10).
-54
Let m(h) = 12396*h - 235593. Calculate m(19).
-69
Let o(p) = p**3 + 229*p**2 + 433*p - 4733. Determine o(-227).
34
Let a(g) = 12*g**3 - 18*g**2 + 4978*g - 4977. Calculate a(1).
-5
Let v(x) = 346*x + 3113. What is v(-8)?
345
Let t(m) = -m**3 + 292*m**2 - 596*m + 5700. Calculate t(290).
1060
Let p(t) = 18*t**2 + 346*t + 84. What is p(-20)?
364
Let b(h) = -27*h**2 - 931*h - 153. What is b(-34)?
289
Let p(q) = 28912*q - 549265. Calculate p(19).
63
Let w(z) = -175*z + 134. What is w(1)?
-41
Let j(u) = -269*u**2 + 6746*u - 533. Calculate j(25).
-8
Let f(d) = 35*d**3 + 7807*d**2 + 486*d + 8923. Determine f(-223).
3
Let v(x) = -21*x**3 - 2*x**2 + 16*x + 30. Determine v(-3).
531
Let d(c) = -5133*c**2 - 225827*c + 1096. What is d(-44)?
-4
Let t(w) = 1353*w - 144792. Determine t(107).
-21
Let k(y) = 9393*y - 122086. Give k(13).
23
Let y(z) = 2*z**3 - 38*z**2 + 170*z + 12. What is y(11)?
-54
Let d(r) = -1960*r - 7382. What is d(-4)?
458
Let p(a) = 663*a - 41866. Give p(62).
-760
Let t(a) = 2*a**3 - 189*a**2 - 5684*a + 100. Calculate t(-24).
4
Let z(g) = 4822*g + 9778. Determine z(-2).
134
Let s(x) = -1580*x + 82171. Give s(52).
11
Let a(i) = i**2 + 11682*i + 116706. Calculate a(-10).
-14
Let i(k) = -3*k**2 + 188*k - 1006. Calculate i(56).
114
Let f(s) = -s**3 + 51*s**2 + 71*s - 3593. Determine f(51).
28
Let n(r) = -986995*r - 5921976. Calculate n(-6).
-6
Let d(q) = -807*q + 5100. What is d(7)?
-549
Let d(z) = 80*z**3 - 564*z**2 + 31*z - 29. Determine d(7).
-8
Let c(a) = 4*a**3 + 13*a**2 + 589*a - 2971. Give c(5).
799
Let o(m) = 100*m**2 - 3449*m + 1670. Give o(34).
4
Let v(s) = 303*s**2 - 46*s + 83. Determine v(2).
1203
Let t(x) = 4*x**2 - 12044*x + 156480. Determine t(13).
584
Let w(h) = -5*h**2 - 227*h - 936. Determine w(-41).
-34
Let v(j) = -860*j**2 - 724124*j - 3362. Give v(-842).
6
Let w(j) = j**2 + 898*j - 87862. Calculate w(89).
-19
Let o(s) = 19704*s + 35230762. Calculate o(-1788).
10
Let t(f) = -2133*f - 21420. What is t(-10)?
-90
Let n(y) = -y**2 + 4871*y - 4970288. Give n(1455).
-8
Let m(a) = -372*a - 155888. What is m(-419)?
-20
Let k(f) = -355175*f - 4972491. Determine k(-14).
-41
Let m(p) = 430*p**2 - 308*p + 1128. Give m(4).
6776
Let w(a) = 22*a**2 + 14436*a + 28794. Determine w(-2).
10
Let p(n) = -68*n**2 + 11454*n + 53613. Give p(173).
-17
Let g(n) = -2*n**3 + 105*n**2 + 109*n + 2829. Determine g(54).
-33
Let h(g) = g**2 + 2763*g - 22214. Calculate h(8).
-46
Let l(k) = -78*k + 3288. Determine l(42).
12
Let w(z) = -42*z**3 - 44*z**2 - 1047*z - 1045. Determine w(-1).
0
Let h(r) = 3*r**2 + 434*r + 12548. Calculate h(-40).
-12
Let n(d) = d**3 + 56*d**2 - 355*d - 13908. What is n(-58)?
-46
Let s(j) = 6*j**2 - 194*j + 2215. Calculate s(16).
647
Let u(y) = 905*y**2 + 7306*y + 565. Determine u(-8).
37
Let p(f) = -5*f**2 + 2641*f + 65682. Give p(552).
-6
Let o(m) = 405792*m + 2434738. Calculate o(-6).
-14
Let o(i) = 2*i**2 + 43*i - 1040. Calculate o(20).
620
Let y(r) = 58430*r + 467438. Calculate y(-8).
-2
Let l(h) = 2*h**2 + 68*h + 1. Determine l(11).
991
Let s(q) = -38*q**3 + 1178*q**2 - 96*q + 3024. Determine s(31).
48
Let m(h) = 2*h**3 - 7*h**2 - 63*h + 274. Give m(7).
176
Let o(h) = 429*h + 11457. Give o(-20).
2877
Let z(l) = 3625*l - 64913. What is z(18)?
337
Let o(m) = -86*m**2 - 4736*m - 261. Determine o(-55).
69
Let m(p) = -24534*p + 24529. Determine m(1).
-5
Let t(c) = c**3 + 154*c**2 + 5650*c + 13487. Determine t(-54).
-13
Let t(f) = 64*f**2 + 1092*f + 10. Calculate t(-16).
-1078
Let n(p) = -8*p**3 + 40*p**2 - 22*p + 107. Determine n(5).
-3
Let k(q) = 2232*q**2 - 124993*q + 53. Give k(56).
-3
Let h(x) = 35058*x - 596017. Calculate h(17).
-31
Let l(z) = 2024*z + 18398. Calculate l(-9).
182
Let b(l) = -18*l**2 - 10862*l + 32754. Calculate b(3).
6
Let f(x) = 121*x + 14067. Calculate f(-117).
-90
Let g(r) = 286*r - 51651. What is g(171)?
-2745
Let f(l) = -10139*l + 121686. What is f(12)?
18
Let j(p) = 18*p**2 - 720*p - 1522. What is j(42)?
-10
Let q(p) = -1571*p**2 + 3044*p + 7. What is q(2)?
-189
Let d(k) = -126*k - 142395. Give d(-1130).
-15
Let f(r) = -r**3 - 147*r**2 - 267*r - 74. Determine f(-145).
-3409
Let m(x) = -3*x**2 + 76*x + 1281. What is m(-12)?
-63
Let r(w) = -43*w**2 + 24682*w + 214. What is r(574)?
214
Let m(w) = -3589*w + 175217. Calculate m(49).
-644
Let y(o) = -852*o - 41646. Give y(-47).
-1602
Let z(m) = 431*m - 17027. Give z(39).
-218
Let a(j) = 1822*j + 382581. What is a(-210)?
-39
Let x(g) = 55*g**2 + 4025*g + 53. Calculate x(-73).
-677
Let s(c) = 5107*c + 862762. What is s(-169)?
-321
Let c(p) = -292*p**2 + 3723*p + 981. Calculate c(13).
32
Let g(b) = b**3 - 6*b**2 - 29*b + 108. What is g(6)?
-66
Let w(a) = 3509*a + 6275. Give w(-1).
2766
Let b(q) = -11*q**2 - 81*q + 17. Determine b(-7).
45
Let w(k) = 83*k**3 + 4*k**2 + 209*k + 622. Give w(-3).
-2210
Let b(x) = 39*x + 7840. Determine b(-201).
1
Let x(j) = 3530*j**2 + 148243*j - 721. What is x(-42)?
-7
Let h(t) = -2051*t - 36914. Determine h(-18).
4
Let x(r) = -3*r**3 + 12*r**2 - 1208*r + 8867. Give x(7).
-30
Let d(f) = -2365*f - 99305. What is d(-42)?
25
Let o(n) = 3094*n + 3035. Determine o(-1).
-59
Let a(y) = y**3 + 27*y**2 + 96*y + 561. What is a(-24)?
-15
Let x(d) = -25183*d**2 + 201465*d - 17. Determine x(8).
-9
Let k(w) = -3926*w - 223789. Give k(-57).
-7
Let j(k) = -6159*k - 849932. Calculate j(-138).
10
Let q(z) = z**3 + 10*z**2 + 1553*z + 9179. What is q(-6)?
5
Let m(c) = 525*c - 65750. Determine m(125).
-125
Let s(y) = 3604*y + 108490. What is s(-30)?
370
Let z(a) = -453*a**3 + a**2 + 120*a - 121. Give z(1).
-453
Let d(x) = -241362*x + 965412. What is d(4)?
-36
Let w(j) = -3331*j - 1102546. Give w(-331).
15
Let l(p) = -78*p**2 + 710*p - 6378. Give l(10).
-7078
Let w(z) = -850*z + 337456. What is w(397)?
6
Let o(t) = 4*t**2 - 3489*t + 20948. What is o(6)?
158
Let w(x) = x**2 - 33*x - 3619. Determine w(76).
-351
Let g(z) = -3358*z - 50370. Give g(-15).
0
Let o(r) = 1592*r - 120971. What is o(76)?
21
Let j(l) = l**3 + 21*l**2 - 58*l - 1818. Determine j(-19).
6
Let u(x) = -13362*x - 547839. Calculate u(-41).
3
Let s(x) = 4557*x - 30870. Give s(7).
1029
Let j(h) = 6*h**2 - 77*h - 1240. What is j(22)?
-30
Let i(c) = c**3 + 286*c**2 + 13218*c - 348. Give i(-58).
0
Let o(i) = 2042*i + 26574. Calculate o(-13).
28
Let v(k) = -k**2 + 1005*k + 210374. What is v(-178)?
-200
Let a(r) = -88*r**3 - 41*r**2 - 13*r + 9. Determine a(2).
-885
Let t(q) = -q**3 + 48*q**2 + 155*q - 3157. Determine t(51).
-3055
Let h(x) = 2*x**3 - 24*x**2 + 540*x - 4950. Give h(10).
50
Let b(k) = k**3 + 7*k**2 - 61605*k - 308027. What is b(-5)?
48
Let d(g) = 7*g**2 + 267*g - 743. Calculate d(-42).
391
Let g(a) = 33*a**3 + 1651*a**2 + 59*a + 344. What is g(-50)?
-106
Let r(z) = -15922*z + 30347357. Determine r(1906).
25
Let a(z) = 4323*z + 133939. Calculate a(-31).
-74
Let f(s) = 2720*s + 5367. Calculate f(-2).
-73
Let s(h) = -35311*h - 388417. Determine s(-11).
4
Let d(n) = n**2 - 516*n - 12958. What is d(-